. What is the hundreds digit of h?
3
Let w be -3 + ((-54)/45)/((-2)/35). Suppose 4*y - 306 = -w. What is the tens digit of y?
7
Let c(u) = -56*u + 4. Let j be c(2). What is the tens digit of -1 - (j + 4 + -1) - -2?
0
Let h be (20/(-6))/(4/(-6)) + -3. Suppose 0 = -5*p + l + 210, 5*p + h*l - 204 = 6. What is the units digit of p?
2
Suppose -12*w + 2294 = -1282. What is the hundreds digit of w?
2
Suppose -3*r + 5*o = -9, -r - 2*o + 6 = 3. What is the tens digit of (11 + 3/r)*3?
3
Let z = -19 - -68. Let j = -19 + z. What is the units digit of j?
0
Let i = 103 + -66. Let h = i - 22. Suppose -17*y + h*y + 70 = 0. What is the tens digit of y?
3
Let s(m) = -165*m**3 - m**2 - 3*m - 1. What is the tens digit of s(-1)?
6
Suppose -4*f + 1104 = 4*g - 2696, 0 = 4*f - 5*g - 3827. What is the units digit of f?
3
Suppose -2*g = -5*u - 7*g - 5, -2*g = 10. Let l(f) = -f**3 + 6*f**2 + 5*f - 6. What is the units digit of l(u)?
6
Let y = 25 - 16. Suppose y*k + 0*k = 0. Suppose -2*w - o + 3 = k, 8*o = 3*w + 4*o - 32. What is the units digit of w?
4
Let h = 1235 - 708. What is the hundreds digit of h?
5
Let z(w) = -w**2 + 16*w + 9. Let u be z(17). What is the tens digit of (14/u)/(-7)*148?
3
Suppose 5*i - 507 = -177. Let a = -22 + i. What is the tens digit of a?
4
What is the units digit of (-3 - -6 - 13)*3/(-6)?
5
Let l(w) = 2*w**2 + 3*w + 1. Let o be l(4). Let g = 100 - o. What is the tens digit of g?
5
Suppose -y - 5 = -7. Let m(c) = y - 2 - 5*c - 1. What is the tens digit of m(-6)?
2
Let f = -233 + 621. What is the units digit of f?
8
Suppose 2*c + 8*x - 3*x - 42 = 0, 0 = 5*x - 10. Suppose -3*i + 4*v + 13 = 0, -2*v - c = -5*i - v. Suppose -i*m = -6 - 12. What is the units digit of m?
6
Suppose -7*p = -2*p. Suppose -4*x + 3*d + 97 = p, -5*x + 5*d + 134 - 14 = 0. Suppose -4*v = -27 - x. What is the units digit of v?
3
Let t(m) = -m**3 + 14*m**2 + m - 12. Let r be t(14). Suppose -5*z + 0*z + 126 = -2*l, -r*z - 3*l + 39 = 0. What is the tens digit of z?
2
Let y(q) = -490*q + 22. What is the units digit of y(-9)?
2
What is the hundreds digit of ((-20)/(-14))/(26/6461)?
3
Let k = 0 - -6. Suppose v = 19 + k. Let n = v + -6. What is the units digit of n?
9
Suppose 3*j + 0*j + 3*p = 105, j = -4*p + 20. Let k = 104 - j. What is the units digit of k?
4
Let z(x) = 10*x**2 + 5*x + 8. Suppose 2*l - 34 = 5*q, 9 = -5*q - 3*l - 15. What is the tens digit of z(q)?
3
Let o = 2201 - 1312. What is the tens digit of o?
8
Suppose -5 = 3*r + 1. Let a be 1*-2*r/4. What is the tens digit of ((-46)/8)/(a/(-4))?
2
Let j = -1421 - -2137. What is the units digit of j?
6
Let s be 30/12*(1 + 1). Suppose 112 = s*k - k. Suppose 5*x = 5*u + 20 - 75, 5*x = 2*u - k. What is the units digit of u?
9
Suppose 2664 = -31*v + 37*v. What is the units digit of v?
4
Suppose r = 4, 19 + 21 = 4*d - r. Suppose -d*m + 588 = -1326. What is the tens digit of m?
7
What is the tens digit of 79911/72 - 1/(-8)?
1
Let k = 506 + -483. What is the tens digit of k?
2
Let k = 88 + -189. Let m = 115 - k. What is the hundreds digit of m?
2
Suppose 5*j + 25 = 3*n, 2*j + 26 = 4*n - j. Let d(x) = -6 - 2 + n*x - 1 + 0. What is the units digit of d(6)?
1
Suppose -3*z + 5*z = 20. Suppose -z = -2*h - 2. What is the units digit of 32/h - (1 + -1)?
8
Suppose 3 = -3*y + c, 2*c = -2*y + 5*c - 9. Suppose y = -7*v - 199 + 1991. What is the units digit of v?
6
Let j be (0 + 56/(-20))*5. Let v = j - -14. What is the units digit of v + (2 - (-4 - -3))?
3
Suppose -2*z + 6268 = -q, 3*z - 1013 = -4*q + 8389. What is the hundreds digit of z?
1
Suppose -y - 3*y + 168 = 3*s, -2*y + 174 = 3*s. Let a = 126 - s. What is the tens digit of a?
6
Let c(t) be the first derivative of -t**4/8 + t**3/6 + 7*t**2 - 13. Let j(f) be the second derivative of c(f). What is the units digit of j(-6)?
9
Let n be (2724/9)/2*6/(-4). Let v = n - -392. What is the hundreds digit of v?
1
Let k = 7339 + -3145. What is the hundreds digit of k?
1
What is the units digit of -458*(-3)/3 - (-9)/3?
1
Let m be 6/(-3) - -44*2. Let g(q) = -q**2 - 4*q - 1. Let p be g(-3). Suppose -5*v + 2*i = -53 - 163, p*v - i - m = 0. What is the units digit of v?
4
Let o = 398 - -2. What is the tens digit of o?
0
Let h(p) = p**3 - 15*p**2 + 2*p - 16. Let n be h(15). Suppose -u - 52 = -3*d, -2*d + u + n = -d. What is the tens digit of d?
1
Let v(w) = -6*w**3 - w**2 - w - 1. Suppose m + 2*r = 7, 0 = -5*m - 6*r + r + 15. Let a be v(m). What is the tens digit of 10/4*106/a?
5
What is the hundreds digit of (313*1)/(11 - (11 + -1))?
3
Let x(t) = -t**3 - 8*t**2 - 19*t - 3. Suppose -4*n - 15 - 17 = 0. What is the hundreds digit of x(n)?
1
Suppose 0 = -4*h + 3*z + 6663, -5*z = 2*h - 0*h - 3325. What is the units digit of h?
5
Let u(v) = v**3 + 14*v**2 + v + 7. Let t be u(-14). Let m = -6 - t. What is the units digit of (m/4)/((-5)/(-220))?
1
Let j be (-4)/(-10) - (-38)/5. Suppose -j = -4*d - 4. What is the units digit of d?
1
Let j = 54 + -51. Suppose -2*q + 200 = -0*k - 4*k, 3*q - j*k = 294. What is the units digit of q?
6
Let q = -35 + 37. Suppose 0 = -g - 3*a + 48, 0*g + a = q*g - 96. What is the tens digit of g?
4
Suppose j - 2*j + 4*v = -17, 2*v = -2. Suppose -l + 3*x = -2 - 0, -j = -3*l + 2*x. What is the units digit of l?
5
Let z(k) = -3*k**3 - 4 + 2*k**3 - 12*k - 2 - 7*k**2. Let o be z(-5). Suppose 41 = 4*j - 3*p, o*p + 27 = 2*j - 1. What is the units digit of j?
8
Let c(a) = a**2 + 1. Let x(r) be the third derivative of r**5/30 - r**4/8 - r**3/3 + 4*r**2. Let v(h) = -c(h) + x(h). What is the units digit of v(5)?
7
Suppose 1335 = h + 828. What is the tens digit of h?
0
Suppose 0 = 2*w - 3*o - 2*o - 20, -w + 8 = -2*o. Suppose -4*z - 120 = -3*p, 5*p + w*z - 177 = -z. What is the tens digit of p?
3
Let i(c) = -2*c - 12. Let m be i(-11). Let b be m/(-45) - 508/(-18). Suppose -3*p + p = -j + b, 0 = -p - 4. What is the tens digit of j?
2
Let i(l) = 3*l**2 + 63*l + 18. What is the tens digit of i(-25)?
1
Suppose 5*j - 60 = 5*d, 0*d = 2*d + j + 15. Let n = -12 - d. What is the units digit of ((-141)/(-6))/(n/(-6))?
7
Let n(q) = 16*q + 4. Let s be n(6). Suppose 0 = -3*u - 6, -3*u + s + 59 = 5*r. Suppose 2*t + 4*h = r + 11, 0 = -4*t + 3*h + 99. What is the tens digit of t?
2
Let h(d) = d**3 - 16*d**2 + 6*d + 6. Let z be (-2 + 0)*(-5 - 3). What is the hundreds digit of h(z)?
1
Let t be 6/33 - (-6)/(-33). Suppose 3*v - 8*v + 20 = t. Suppose m = -v, -s - m + 27 = -0*m. What is the units digit of s?
1
Let v = 2444 - 1738. What is the units digit of v?
6
What is the hundreds digit of (2/6)/((-1)/(-849)) + 1?
2
Let n = 273 - 87. What is the units digit of n?
6
Suppose 0 = -3*w, 6 = l + 4*w - 13. Let i = l + 50. What is the tens digit of i?
6
Let s(g) = 29*g + 6. Let v be s(-4). What is the tens digit of (-12)/5*(-3 + v/5)?
6
Let c be ((-6)/(-3))/(4/6). Suppose 993 = c*w - 0*w. Suppose 0 = -t + 2*l + 69, -4*t + 3*l = t - w. What is the units digit of t?
5
Suppose -266 + 1247 = 3*s - 5*a, -3*s + 4*a = -981. What is the hundreds digit of s?
3
Let f = 12 - 7. Suppose -1 = -x, f*d + 5*x + 53 = -42. Let y = 4 - d. What is the tens digit of y?
2
Suppose 0 = 2*v - 8, 19*v - 20*v = -3*z + 8702. What is the units digit of z?
2
Let h = -171 + 256. Suppose 0 = 5*w + 3*s - 215, 2*w - h = -0*w - s. What is the tens digit of w?
4
Suppose 4*c = 3*r - 8, -2*c + 17 = -c + 4*r. Let z be (165/3)/(0 - 1). What is the units digit of z/15*(c - 4)?
1
Suppose -5*f - 3 = -8. Let b = -7 + f. What is the units digit of (2/(4/b))/(-1)?
3
Suppose -6*x - 4*f = -5*x - 461, -3*x + 3*f + 1383 = 0. Let c = -313 + x. What is the units digit of c?
8
Suppose -4*v - 77 - 11 = 0. Let c = 107 + v. What is the units digit of c?
5
Suppose -z = -2*z, 3*r = -2*z + 9. Suppose r*t + 3*t - 396 = 0. Suppose -2*d = -40 - t. What is the units digit of d?
3
Let o = 240 + -451. Let x = o + 349. What is the hundreds digit of x?
1
Suppose 0 = 5*p + 25, 3*o + 4*p = 8*o - 3585. What is the units digit of o?
3
Let n = -55 - -88. Let o be n/4 - (-9)/12. Suppose -j = -4*j + o. What is the units digit of j?
3
Suppose 5*i - 4*y + 120 = 0, y + 0 = -i - 15. Let u = 32 - i. Suppose -2*q - 3*k + u = 0, -2*q = 2*q - k - 104. What is the tens digit of q?
2
Let v = 12 - 7. Suppose 0 = p + 2 - v. Suppose 0 = -4*q + 5*g + 55, p*q - 2*g - 41 = 2. What is the units digit of q?
5